at is the highest common divisor of 139975596 and 1340?
268
Calculate the highest common factor of 2545 and 46774555.
2545
Calculate the greatest common divisor of 643680 and 34560.
4320
Calculate the highest common factor of 9624 and 48840.
24
Calculate the highest common factor of 29 and 2952461.
29
Calculate the greatest common factor of 58 and 218866.
2
What is the highest common factor of 701186650 and 232?
58
Calculate the highest common factor of 14089 and 75263.
73
What is the highest common factor of 204 and 86944188?
204
What is the highest common factor of 712 and 832810024?
712
What is the highest common factor of 7366 and 4325234?
58
What is the greatest common factor of 1462 and 34051442?
1462
What is the greatest common factor of 557494 and 5180?
14
What is the highest common factor of 4636 and 9291?
19
Calculate the greatest common factor of 3510 and 15320630.
130
What is the highest common divisor of 26077800 and 168?
168
Calculate the greatest common divisor of 10133922 and 150.
6
Calculate the highest common factor of 5714622 and 236.
118
What is the greatest common divisor of 43195 and 208640?
815
What is the greatest common divisor of 59381116 and 470?
94
Calculate the highest common factor of 607915 and 1925.
385
What is the highest common factor of 1125 and 2220800?
25
What is the greatest common factor of 5193 and 1281315627?
5193
Calculate the highest common divisor of 625491626 and 1592.
398
Calculate the highest common divisor of 83 and 304757.
1
Calculate the highest common factor of 11301864 and 966.
42
What is the greatest common divisor of 360774 and 1261332?
2754
What is the greatest common factor of 69188 and 43708?
196
Calculate the greatest common factor of 330 and 12362.
2
What is the highest common factor of 20550 and 1125318?
822
Calculate the greatest common factor of 71491146 and 17019.
5673
What is the greatest common factor of 252666 and 24624?
54
Calculate the highest common divisor of 144496 and 1866954.
1642
Calculate the highest common divisor of 95307493 and 1927.
1927
What is the highest common factor of 934 and 1622190814?
934
What is the highest common factor of 1159 and 538508?
61
What is the highest common divisor of 4770960 and 188368?
3088
Calculate the highest common divisor of 4283184 and 2516.
68
Calculate the highest common factor of 455791 and 4619.
149
Calculate the highest common factor of 555650445 and 14.
7
Calculate the greatest common factor of 10480 and 15131024.
2096
What is the highest common factor of 1117886644 and 4676?
4676
Calculate the highest common factor of 279600 and 174.
6
What is the highest common divisor of 242332 and 14993?
47
What is the greatest common factor of 45333094 and 2752?
86
Calculate the greatest common factor of 323855 and 32585.
665
What is the highest common factor of 380 and 22584920?
380
What is the greatest common divisor of 1972 and 2061204?
116
What is the highest common factor of 343052432 and 944?
944
Calculate the greatest common divisor of 455619 and 1187202.
87
What is the highest common divisor of 403 and 643656?
13
Calculate the greatest common divisor of 48165622 and 53341.
1301
What is the highest common factor of 78 and 9938565?
39
What is the greatest common divisor of 1836 and 32190156?
108
Calculate the highest common divisor of 731466 and 1818.
18
Calculate the highest common divisor of 8 and 15472376.
8
Calculate the greatest common divisor of 366856 and 232.
8
Calculate the highest common factor of 750 and 1901750.
250
What is the greatest common divisor of 78251553 and 164448?
5139
Calculate the greatest common factor of 132 and 67092047.
11
Calculate the greatest common factor of 28477006 and 25864.
106
What is the greatest common factor of 74600 and 699575?
25
What is the greatest common factor of 15673 and 53536729?
2239
What is the greatest common divisor of 5427483 and 399?
57
What is the greatest common factor of 309241632 and 672?
672
Calculate the highest common factor of 1791 and 127751433.
597
What is the highest common divisor of 29 and 25269440?
29
Calculate the greatest common divisor of 36676885 and 315.
35
Calculate the greatest common factor of 36370 and 120632016.
7274
What is the greatest common factor of 332310 and 1392?
6
Calculate the highest common factor of 262570 and 117370.
1210
What is the greatest common factor of 114 and 1033066?
2
Calculate the greatest common factor of 280396935 and 105.
105
What is the greatest common divisor of 846 and 6242211?
423
Calculate the greatest common factor of 1041480 and 7260.
660
Calculate the highest common factor of 119581239 and 261.
87
Calculate the highest common divisor of 98 and 1709806.
98
Calculate the highest common factor of 581799 and 741.
57
Calculate the greatest common divisor of 339525988 and 4904.
2452
Calculate the greatest common factor of 7377 and 6672.
3
What is the greatest common factor of 2364 and 1514988?
12
What is the highest common factor of 1077 and 14961?
3
What is the greatest common factor of 12307 and 341?
31
What is the greatest common divisor of 480 and 7887552?
96
What is the highest common factor of 4 and 171586544?
4
Calculate the greatest common factor of 8939315 and 10780.
2695
What is the greatest common factor of 10506340 and 65?
65
Calculate the greatest common divisor of 12320 and 47360720.
880
What is the highest common factor of 258 and 22693508?
86
Calculate the greatest common factor of 501 and 2478581769.
501
What is the greatest common factor of 649952 and 2084?
4
Calculate the highest common divisor of 6128 and 206512.
16
What is the highest common factor of 23675 and 114775?
25
What is the greatest common factor of 10082 and 435144161?
5041
What is the highest common divisor of 13481 and 547859?
221
Calculate the greatest common factor of 20 and 75006625.
5
What is the greatest common divisor of 39963 and 89859?
231
Calculate the greatest common factor of 35300280 and 480.
120
What is the highest common divisor of 28394560 and 5340?
1780
Calculate the highest common divisor of 169528397 and 106.
53
What is the greatest common factor of 89209947 and 177?
177
What is the greatest common factor of 8775704 and 588?
196
Calculate the greatest common divisor of 40099235 and 1265.
1265
Calculate the greatest common factor of 2869275439 and 73.
73
What is the greatest common factor of 1045 and 833855?
55
What is the highest common divisor of 3138737 and 5831581?
8743
Calculate the highest common factor of 51156 and 21991396.
5684
What is the highest common divisor of 584892 and 3597?
33
What is the highest common divisor of 63041 and 836?
11
Calculate the highest common factor of 204273054 and 63.
9
Calculate the greatest common factor of 550 and 700105450.
550
Calculate the greatest common divisor of 4 and 369992.
4
Calculate the highest common factor of 80377840 and 128.
16
What is the highest common divisor of 992573 and 37241?
223
Calculate the highest common factor of 1235 and 21622285.
95
What is the greatest common divisor of 15026 and 258965597?
7513
Calculate the greatest common factor of 756 and 1789003314.
378
Calculate the highest common divisor of 1386 and 7201986.
66
Calculate the highest common factor of 103508 and 884.
4
Calculate the greatest common divisor of 2428574 and 346.
346
What is the greatest common divisor of 2925054 and 6636?
474
Calculate the highest common divisor of 1089898 and 5332.
62
Calculate the greatest common factor of 174 and 206890118.
58
Calculate the highest common factor of 705666 and 182849.
83
What is the highest common factor of 2850848 and 50284?
52
What is the highest common factor of 256 and 408449792?
256
What is the greatest common factor of 304 and 8042512?
16
What is the greatest common factor of 4097511 and 99?
99
What is the highest common factor of 20039328 and 3672?
1224
What is the highest common divisor of 1852065 and 66555?
2295
What is the highest common factor of 27105531 and 153?
51
What is the highest common divisor of 257099767 and 53?
53
Calculate the highest common divisor of 56 and 3076136.
56
What is the greatest common factor of 2257 and 4167791?
37
Calculate the highest common factor of 8595 and 9859365.
45
Calculate the highest common divisor of 